{"id":634,"date":"2024-07-22T14:15:17","date_gmt":"2024-07-22T12:15:17","guid":{"rendered":"https:\/\/lekarentwincity.sk\/?page_id=634"},"modified":"2025-09-23T22:12:51","modified_gmt":"2025-09-23T20:12:51","slug":"kontakt","status":"publish","type":"page","link":"https:\/\/lekarentwincity.sk\/index.php\/kontakt\/","title":{"rendered":"Kontakt"},"content":{"rendered":"\t\t<div data-elementor-type=\"wp-page\" data-elementor-id=\"634\" class=\"elementor elementor-634\">\n\t\t\t\t\t\t<section class=\"elementor-section elementor-top-section elementor-element elementor-element-573bb50a elementor-section-full_width qode_elementor_container_inner elementor-section-height-default elementor-section-height-default parallax_section_no\" data-id=\"573bb50a\" data-element_type=\"section\" data-e-type=\"section\">\n\t\t\t\t\t\t<div class=\"elementor-container elementor-column-gap-default\">\n\t\t\t\t\t<div class=\"elementor-column elementor-col-50 elementor-top-column elementor-element elementor-element-3b29d133\" data-id=\"3b29d133\" data-element_type=\"column\" data-e-type=\"column\">\n\t\t\t<div class=\"elementor-widget-wrap elementor-element-populated\">\n\t\t\t\t\t\t<div class=\"elementor-element elementor-element-3fc2e9ae elementor-widget__width-initial elementor-widget elementor-widget-image\" data-id=\"3fc2e9ae\" data-element_type=\"widget\" data-e-type=\"widget\" data-widget_type=\"image.default\">\n\t\t\t\t<div class=\"elementor-widget-container\">\n\t\t\t\t\t\t\t\t\t\t\t\t\t\t\t<img fetchpriority=\"high\" decoding=\"async\" width=\"300\" height=\"225\" src=\"https:\/\/lekarentwincity.sk\/wp-content\/uploads\/2024\/07\/IMG_0901-300x225.jpg\" class=\"attachment-medium size-medium wp-image-645\" alt=\"\" srcset=\"https:\/\/lekarentwincity.sk\/wp-content\/uploads\/2024\/07\/IMG_0901-300x225.jpg 300w, https:\/\/lekarentwincity.sk\/wp-content\/uploads\/2024\/07\/IMG_0901-1024x768.jpg 1024w, https:\/\/lekarentwincity.sk\/wp-content\/uploads\/2024\/07\/IMG_0901-768x576.jpg 768w, https:\/\/lekarentwincity.sk\/wp-content\/uploads\/2024\/07\/IMG_0901-1536x1152.jpg 1536w, https:\/\/lekarentwincity.sk\/wp-content\/uploads\/2024\/07\/IMG_0901-2048x1536.jpg 2048w, https:\/\/lekarentwincity.sk\/wp-content\/uploads\/2024\/07\/IMG_0901-800x600.jpg 800w, https:\/\/lekarentwincity.sk\/wp-content\/uploads\/2024\/07\/IMG_0901-700x525.jpg 700w\" sizes=\"(max-width: 300px) 100vw, 300px\" \/>\t\t\t\t\t\t\t\t\t\t\t\t\t\t\t<\/div>\n\t\t\t\t<\/div>\n\t\t\t\t\t<\/div>\n\t\t<\/div>\n\t\t\t\t<div class=\"elementor-column elementor-col-50 elementor-top-column elementor-element elementor-element-6f597d8f\" data-id=\"6f597d8f\" data-element_type=\"column\" data-e-type=\"column\">\n\t\t\t<div class=\"elementor-widget-wrap elementor-element-populated\">\n\t\t\t\t\t\t<div class=\"elementor-element elementor-element-23715236 elementor-widget elementor-widget-heading\" data-id=\"23715236\" data-element_type=\"widget\" data-e-type=\"widget\" data-widget_type=\"heading.default\">\n\t\t\t\t<div class=\"elementor-widget-container\">\n\t\t\t\t\t<h2 class=\"elementor-heading-title elementor-size-default\">Prev\u00e1dzka<\/h2>\t\t\t\t<\/div>\n\t\t\t\t<\/div>\n\t\t\t\t<div class=\"elementor-element elementor-element-27c2fe1b elementor-widget__width-initial elementor-widget elementor-widget-text-editor\" data-id=\"27c2fe1b\" data-element_type=\"widget\" data-e-type=\"widget\" data-widget_type=\"text-editor.default\">\n\t\t\t\t<div class=\"elementor-widget-container\">\n\t\t\t\t\t\t\t\t\t<p class=\"western\" align=\"left\">Lek\u00e1re\u0148 Twin City<\/p><p class=\"western\" align=\"left\">Karad\u017ei\u010dova 2<\/p><p class=\"western\" align=\"left\">811 09 Bratislava<\/p><p class=\"western\" align=\"left\">Slovensk\u00e1 republika<\/p>\t\t\t\t\t\t\t\t<\/div>\n\t\t\t\t<\/div>\n\t\t\t\t<div class=\"elementor-element elementor-element-49736d4 elementor-widget elementor-widget-spacer\" data-id=\"49736d4\" data-element_type=\"widget\" data-e-type=\"widget\" data-widget_type=\"spacer.default\">\n\t\t\t\t<div class=\"elementor-widget-container\">\n\t\t\t\t\t\t\t<div class=\"elementor-spacer\">\n\t\t\t<div class=\"elementor-spacer-inner\"><\/div>\n\t\t<\/div>\n\t\t\t\t\t\t<\/div>\n\t\t\t\t<\/div>\n\t\t\t\t<div class=\"elementor-element elementor-element-11a39247 elementor-widget elementor-widget-heading\" data-id=\"11a39247\" data-element_type=\"widget\" data-e-type=\"widget\" data-widget_type=\"heading.default\">\n\t\t\t\t<div class=\"elementor-widget-container\">\n\t\t\t\t\t<h2 class=\"elementor-heading-title elementor-size-default\">Obchodn\u00e9 \u00fadaje<\/h2>\t\t\t\t<\/div>\n\t\t\t\t<\/div>\n\t\t\t\t<div class=\"elementor-element elementor-element-25bb8784 elementor-widget elementor-widget-text-editor\" data-id=\"25bb8784\" data-element_type=\"widget\" data-e-type=\"widget\" data-widget_type=\"text-editor.default\">\n\t\t\t\t<div class=\"elementor-widget-container\">\n\t\t\t\t\t\t\t\t\t<p class=\"western\" align=\"left\">City Pharma s.r.o.<\/p><p class=\"western\" align=\"left\">Karad\u017ei\u010dova 2<\/p><p class=\"western\" align=\"left\">811 09 Bratislava<\/p><p class=\"western\" align=\"left\">Slovensk\u00e1 republika<\/p><p class=\"western\" align=\"left\">I\u010cO: 48 305 464 | I\u010c DPH: SK2120130969<\/p>\t\t\t\t\t\t\t\t<\/div>\n\t\t\t\t<\/div>\n\t\t\t\t<div class=\"elementor-element elementor-element-af5d5d0 elementor-widget elementor-widget-spacer\" data-id=\"af5d5d0\" data-element_type=\"widget\" data-e-type=\"widget\" data-widget_type=\"spacer.default\">\n\t\t\t\t<div class=\"elementor-widget-container\">\n\t\t\t\t\t\t\t<div class=\"elementor-spacer\">\n\t\t\t<div class=\"elementor-spacer-inner\"><\/div>\n\t\t<\/div>\n\t\t\t\t\t\t<\/div>\n\t\t\t\t<\/div>\n\t\t\t\t<div class=\"elementor-element elementor-element-6bb3c04 elementor-widget elementor-widget-button\" data-id=\"6bb3c04\" data-element_type=\"widget\" data-e-type=\"widget\" data-widget_type=\"button.default\">\n\t\t\t\t<div class=\"elementor-widget-container\">\n\t\t\t\t\t\t\t\t\t<div class=\"elementor-button-wrapper\">\n\t\t\t\t\t<a class=\"elementor-button elementor-button-link elementor-size-sm\" href=\"https:\/\/lekarentwincity.sk\/wp-content\/uploads\/2025\/09\/Reklamacny-poriadok.pdf\" target=\"_blank\">\n\t\t\t\t\t\t<span class=\"elementor-button-content-wrapper\">\n\t\t\t\t\t\t\t\t\t<span class=\"elementor-button-text\">Reklama\u010dn\u00fd poriadok<\/span>\n\t\t\t\t\t<\/span>\n\t\t\t\t\t<\/a>\n\t\t\t\t<\/div>\n\t\t\t\t\t\t\t\t<\/div>\n\t\t\t\t<\/div>\n\t\t\t\t<div class=\"elementor-element elementor-element-6d0b3ce3 elementor-widget elementor-widget-spacer\" data-id=\"6d0b3ce3\" data-element_type=\"widget\" data-e-type=\"widget\" data-widget_type=\"spacer.default\">\n\t\t\t\t<div class=\"elementor-widget-container\">\n\t\t\t\t\t\t\t<div class=\"elementor-spacer\">\n\t\t\t<div class=\"elementor-spacer-inner\"><\/div>\n\t\t<\/div>\n\t\t\t\t\t\t<\/div>\n\t\t\t\t<\/div>\n\t\t\t\t\t<\/div>\n\t\t<\/div>\n\t\t\t\t\t<\/div>\n\t\t<\/section>\n\t\t<div class=\"elementor-element elementor-element-6f6823a e-flex e-con-boxed parallax_section_no qode_elementor_container_no e-con e-parent\" data-id=\"6f6823a\" data-element_type=\"container\" data-e-type=\"container\">\n\t\t\t\t\t<div class=\"e-con-inner\">\n\t\t\t\t<div class=\"elementor-element elementor-element-b52eb6a elementor-widget elementor-widget-google_maps\" data-id=\"b52eb6a\" data-element_type=\"widget\" data-e-type=\"widget\" data-widget_type=\"google_maps.default\">\n\t\t\t\t<div class=\"elementor-widget-container\">\n\t\t\t\t\t\t\t<div class=\"elementor-custom-embed\">\n\t\t\t<iframe loading=\"lazy\"\n\t\t\t\t\tsrc=\"https:\/\/www.google.com\/maps\/embed\/v1\/place?key=AIzaSyCjp5wN6HHp-BR5EJw47HUXQPGt-s33BwU&#038;q=Pharmacy%20TWIN%20CITY&#038;zoom=17\"\n\t\t\t\t\ttitle=\"Pharmacy TWIN CITY\"\n\t\t\t\t\taria-label=\"Pharmacy TWIN CITY\"\n\t\t\t><\/iframe>\n\t\t<\/div>\n\t\t\t\t\t\t<\/div>\n\t\t\t\t<\/div>\n\t\t\t\t\t<\/div>\n\t\t\t\t<\/div>\n\t\t\t\t<\/div>\n\t\t","protected":false},"excerpt":{"rendered":"<p>Prev\u00e1dzka Lek\u00e1re\u0148 Twin City Karad\u017ei\u010dova 2 811 09 Bratislava Slovensk\u00e1 republika Obchodn\u00e9 \u00fadaje City Pharma s.r.o. Karad\u017ei\u010dova 2 811 09 Bratislava Slovensk\u00e1 republika I\u010cO: 48 305 464 | I\u010c DPH: SK2120130969 Reklama\u010dn\u00fd poriadok<\/p>\n","protected":false},"author":2,"featured_media":645,"parent":0,"menu_order":0,"comment_status":"closed","ping_status":"closed","template":"","meta":{"footnotes":""},"class_list":["post-634","page","type-page","status-publish","has-post-thumbnail","hentry"],"_links":{"self":[{"href":"https:\/\/lekarentwincity.sk\/index.php\/wp-json\/wp\/v2\/pages\/634","targetHints":{"allow":["GET"]}}],"collection":[{"href":"https:\/\/lekarentwincity.sk\/index.php\/wp-json\/wp\/v2\/pages"}],"about":[{"href":"https:\/\/lekarentwincity.sk\/index.php\/wp-json\/wp\/v2\/types\/page"}],"author":[{"embeddable":true,"href":"https:\/\/lekarentwincity.sk\/index.php\/wp-json\/wp\/v2\/users\/2"}],"replies":[{"embeddable":true,"href":"https:\/\/lekarentwincity.sk\/index.php\/wp-json\/wp\/v2\/comments?post=634"}],"version-history":[{"count":37,"href":"https:\/\/lekarentwincity.sk\/index.php\/wp-json\/wp\/v2\/pages\/634\/revisions"}],"predecessor-version":[{"id":1355,"href":"https:\/\/lekarentwincity.sk\/index.php\/wp-json\/wp\/v2\/pages\/634\/revisions\/1355"}],"wp:featuredmedia":[{"embeddable":true,"href":"https:\/\/lekarentwincity.sk\/index.php\/wp-json\/wp\/v2\/media\/645"}],"wp:attachment":[{"href":"https:\/\/lekarentwincity.sk\/index.php\/wp-json\/wp\/v2\/media?parent=634"}],"curies":[{"name":"wp","href":"https:\/\/api.w.org\/{rel}","templated":true}]}}